{"id":74,"date":"2012-04-27T19:48:58","date_gmt":"2012-04-27T19:48:58","guid":{"rendered":"http:\/\/www.sy-sinus.de\/?page_id=74"},"modified":"2016-01-21T12:17:48","modified_gmt":"2016-01-21T12:17:48","slug":"reiseverlauf","status":"publish","type":"page","link":"http:\/\/www.sy-sinus.de\/?page_id=74","title":{"rendered":"Reiseverlauf"},"content":{"rendered":"<p>Reisebeginn: 22.07.2012<br \/>\nEurop\u00e4ische K\u00fcste in das Mittelmeer.-Spanien, Italien, Griechenland, Malta, Tunesien, Spanien<br \/>\nAtlantik\u00fcberquerung : Start\u00a024. \u00a0November 2013<br \/>\nDauer ca. 21 Tage<br \/>\nKaribiksegeln bis Mai 2014<\/p>\n<p>Panamakanal &#8211; Barfu\u00dfroute um die Welt<\/p>\n<p>Galapagos<br \/>\nAustralien, Neuseeland<\/p>\n<p>Richtung Afrika<br \/>\nBrasilien<br \/>\nKaribik<\/p>\n<p>Europa<br \/>\n2017 Juni Finale<\/p>\n","protected":false},"excerpt":{"rendered":"<p>Reisebeginn: 22.07.2012 Europ\u00e4ische K\u00fcste in das Mittelmeer.-Spanien, Italien, Griechenland, Malta, Tunesien, Spanien Atlantik\u00fcberquerung : Start\u00a024. \u00a0November 2013 Dauer ca. 21<\/p>\n<p class=\"readmore\"><a href=\"http:\/\/www.sy-sinus.de\/?page_id=74\" title=\"Read Reiseverlauf\">Read more &raquo;<\/a><\/p>\n","protected":false},"author":2,"featured_media":0,"parent":0,"menu_order":0,"comment_status":"open","ping_status":"closed","template":"","meta":{"footnotes":""},"_links":{"self":[{"href":"http:\/\/www.sy-sinus.de\/index.php?rest_route=\/wp\/v2\/pages\/74"}],"collection":[{"href":"http:\/\/www.sy-sinus.de\/index.php?rest_route=\/wp\/v2\/pages"}],"about":[{"href":"http:\/\/www.sy-sinus.de\/index.php?rest_route=\/wp\/v2\/types\/page"}],"author":[{"embeddable":true,"href":"http:\/\/www.sy-sinus.de\/index.php?rest_route=\/wp\/v2\/users\/2"}],"replies":[{"embeddable":true,"href":"http:\/\/www.sy-sinus.de\/index.php?rest_route=%2Fwp%2Fv2%2Fcomments&post=74"}],"version-history":[{"count":0,"href":"http:\/\/www.sy-sinus.de\/index.php?rest_route=\/wp\/v2\/pages\/74\/revisions"}],"wp:attachment":[{"href":"http:\/\/www.sy-sinus.de\/index.php?rest_route=%2Fwp%2Fv2%2Fmedia&parent=74"}],"curies":[{"name":"wp","href":"https:\/\/api.w.org\/{rel}","templated":true}]}}